{"id":97,"date":"2015-05-19T12:44:10","date_gmt":"2015-05-19T09:44:10","guid":{"rendered":"https:\/\/lempea.fi\/vedicart\/?page_id=97"},"modified":"2022-05-21T14:20:15","modified_gmt":"2022-05-21T11:20:15","slug":"vedic-art","status":"publish","type":"page","link":"https:\/\/lempea.fi\/vedicart\/vedic-art\/","title":{"rendered":"Vedic Art"},"content":{"rendered":"<p><a href=\"https:\/\/lempea.fi\/vedicart\/wp-content\/uploads\/2015\/10\/pyorre-01.jpg\"><img loading=\"lazy\" decoding=\"async\" class=\"alignnone size-full wp-image-167\" src=\"https:\/\/lempea.fi\/vedicart\/wp-content\/uploads\/2015\/10\/pyorre-01.jpg\" alt=\"pyorre-01\" width=\"650\" height=\"300\" srcset=\"https:\/\/lempea.fi\/vedicart\/wp-content\/uploads\/2015\/10\/pyorre-01.jpg 650w, https:\/\/lempea.fi\/vedicart\/wp-content\/uploads\/2015\/10\/pyorre-01-300x138.jpg 300w, https:\/\/lempea.fi\/vedicart\/wp-content\/uploads\/2015\/10\/pyorre-01-600x277.jpg 600w\" sizes=\"auto, (max-width: 650px) 100vw, 650px\" \/><\/a><\/p>\n<h1>Vedic Art johdattaa luovuuden imussa taiteen py\u00f6rteisiin<\/h1>\n<p>Vedic Art on ikivanhaan Vedatietoon perustuva\u00a0luovuuden ja taiteen oppimismenetelm\u00e4. Vedic Art kurssi\u00a0painottaa luovuuden her\u00e4tt\u00e4mist\u00e4 ja oman luovan prosessin l\u00f6yt\u00e4mist\u00e4. Yhteisten\u00a0harjoitusten kautta jokainen p\u00e4\u00e4tyy\u00a0omaan,\u00a0yksil\u00f6lliseen tapaansa ilmaista itse\u00e4\u00e4n.<\/p>\n<p>Maalaamisen ja piirt\u00e4misen tekniikkaan tutustutaan omista l\u00e4ht\u00f6kohdista ja tavoitteista k\u00e4sin. Vedic Art peruskurssi tarjoaa ev\u00e4\u00e4t oppimiseen; esimerkiksi jo ensimm\u00e4isen viikonlopun aikana opitaan kolme hyv\u00e4\u00e4 perusharjoitusta piirrustustaidon kehitt\u00e4miseen.<\/p>\n<p>Vedic Art koetaan piirt\u00e4m\u00e4ll\u00e4 ja maalaamalla. Se ei ole tyylisuunta, ismi tai uskonto, vaan taiteen tekemisen taustalla vaikuttava taiteilijan henkinen inspiraatio.<\/p>\n<p>Erilaisten harjoitusten ja maalaamisen kautta alat n\u00e4hd\u00e4 ja oivaltaa\u00a0asioita ja maailmaa hieman toisenlaisella tavalla.<\/p>\n<h2>17 askelta<\/h2>\n<p>Vedic Art menetelm\u00e4n on kehitt\u00e4nyt ruotsalainen taiteilija <strong>Curt K\u00e4lmann<\/strong> Vedatiedon pohjalta. Curt K\u00e4lmann itse oli Ruotsin taideakatemiasta valmistunut ammattitaiteilija ja perinteisen taidekoulutuksen parhaat harjoitukset ovat my\u00f6s osa Vedic Art menetelm\u00e4\u00e4.<\/p>\n<p>Taiteen 17 prinsiippi\u00e4 (perusperiaattetta) opitaan\u00a0noin 30 tunnin pituisen \u00a0peruskurssin aikana.\u00a0Peruskurssi k\u00e4yd\u00e4\u00e4n yleens\u00e4 kolmena kahden p\u00e4iv\u00e4n mittaisena tiiviskurssina. Peruskurssin j\u00e4lkeen on mahdollista syvent\u00e4\u00e4 tietojaan\u00a0erilaisilla jatkokursseilla.<\/p>\n<h2>Kenelle?<\/h2>\n<p>Vedic Art sopii kaikille. Sinun ei tarvitse osata piirt\u00e4\u00e4, et tarvitse mink\u00e4\u00e4nlaista kokemusta maalaamisesta, mutta voit olla vaikka ammattitaiteilija, kaikki ovat aloittaessaan samassa pisteess\u00e4.<\/p>\n<p>Jos et ole kiinnostunut kuvien tekemisest\u00e4 harrastuksena niin Vedic Art peruskurssi toimii hienosti luovuuden her\u00e4tt\u00e4j\u00e4n\u00e4 ja intuition kehitt\u00e4j\u00e4n\u00e4.<\/p>\n<p>Ensimm\u00e4iseksi viikonlopuksi ei tarvitse k\u00e4yd\u00e4 tyhjent\u00e4m\u00e4ss\u00e4 taidetarvikeliikett\u00e4. Tarvikkeiksi riitt\u00e4v\u00e4t A4 tai A3 kokoinen piirrustuslehti\u00f6, nippu suttupaperia, lyijykyni\u00e4 ja v\u00e4reiksi k\u00e4yv\u00e4t mitk\u00e4 tahansa kotoa l\u00f6ytyv\u00e4t v\u00e4rit.<\/p>\n<h2 style=\"text-align: center;\">\u00a0Tervetuloa mukaan!<\/h2>\n","protected":false},"excerpt":{"rendered":"<p>Vedic Art johdattaa luovuuden imussa taiteen py\u00f6rteisiin Vedic Art on ikivanhaan Vedatietoon perustuva\u00a0luovuuden ja taiteen oppimismenetelm\u00e4. Vedic Art kurssi\u00a0painottaa luovuuden her\u00e4tt\u00e4mist\u00e4 ja oman luovan prosessin l\u00f6yt\u00e4mist\u00e4. Yhteisten\u00a0harjoitusten kautta jokainen p\u00e4\u00e4tyy\u00a0omaan,\u00a0yksil\u00f6lliseen tapaansa ilmaista itse\u00e4\u00e4n. Maalaamisen ja piirt\u00e4misen tekniikkaan tutustutaan omista l\u00e4ht\u00f6kohdista ja tavoitteista k\u00e4sin. Vedic Art peruskurssi tarjoaa ev\u00e4\u00e4t oppimiseen; esimerkiksi jo ensimm\u00e4isen viikonlopun aikana opitaan&#8230;<\/p>\n<p><a class=\"more-link\" href=\"https:\/\/lempea.fi\/vedicart\/vedic-art\/\">Read More &raquo;<\/a><\/p>\n","protected":false},"author":2,"featured_media":29,"parent":0,"menu_order":7,"comment_status":"closed","ping_status":"open","template":"","meta":{"_genesis_hide_title":false,"_genesis_hide_breadcrumbs":false,"_genesis_hide_singular_image":false,"_genesis_hide_footer_widgets":false,"_genesis_custom_body_class":"","_genesis_custom_post_class":"","_genesis_layout":"","footnotes":""},"class_list":{"0":"post-97","1":"page","2":"type-page","3":"status-publish","4":"has-post-thumbnail","6":"entry"},"_links":{"self":[{"href":"https:\/\/lempea.fi\/vedicart\/wp-json\/wp\/v2\/pages\/97","targetHints":{"allow":["GET"]}}],"collection":[{"href":"https:\/\/lempea.fi\/vedicart\/wp-json\/wp\/v2\/pages"}],"about":[{"href":"https:\/\/lempea.fi\/vedicart\/wp-json\/wp\/v2\/types\/page"}],"author":[{"embeddable":true,"href":"https:\/\/lempea.fi\/vedicart\/wp-json\/wp\/v2\/users\/2"}],"replies":[{"embeddable":true,"href":"https:\/\/lempea.fi\/vedicart\/wp-json\/wp\/v2\/comments?post=97"}],"version-history":[{"count":28,"href":"https:\/\/lempea.fi\/vedicart\/wp-json\/wp\/v2\/pages\/97\/revisions"}],"predecessor-version":[{"id":349,"href":"https:\/\/lempea.fi\/vedicart\/wp-json\/wp\/v2\/pages\/97\/revisions\/349"}],"wp:featuredmedia":[{"embeddable":true,"href":"https:\/\/lempea.fi\/vedicart\/wp-json\/wp\/v2\/media\/29"}],"wp:attachment":[{"href":"https:\/\/lempea.fi\/vedicart\/wp-json\/wp\/v2\/media?parent=97"}],"curies":[{"name":"wp","href":"https:\/\/api.w.org\/{rel}","templated":true}]}}